{"id":26,"date":"2026-04-04T07:36:31","date_gmt":"2026-04-04T07:36:31","guid":{"rendered":"https:\/\/denkarlojistik.com\/?page_id=26"},"modified":"2026-04-13T09:06:44","modified_gmt":"2026-04-13T09:06:44","slug":"hakkimizda","status":"publish","type":"page","link":"https:\/\/denkarlojistik.com\/index.php\/hakkimizda\/","title":{"rendered":"Hakk\u0131m\u0131zda"},"content":{"rendered":"\t\t<div data-elementor-type=\"wp-page\" data-elementor-id=\"26\" class=\"elementor elementor-26\">\n\t\t\t\t<div class=\"elementor-element elementor-element-565e47c4 e-flex e-con-boxed e-con e-parent\" data-id=\"565e47c4\" data-element_type=\"container\" data-e-type=\"container\" data-settings=\"{&quot;background_background&quot;:&quot;classic&quot;}\">\n\t\t\t\t\t<div class=\"e-con-inner\">\n\t\t\t\t<div class=\"elementor-element elementor-element-460a115e elementor-widget elementor-widget-heading\" data-id=\"460a115e\" data-element_type=\"widget\" data-e-type=\"widget\" data-widget_type=\"heading.default\">\n\t\t\t\t\t<h2 class=\"elementor-heading-title elementor-size-default\">Hakk\u0131m\u0131zda<\/h2>\t\t\t\t<\/div>\n\t\t\t\t\t<\/div>\n\t\t\t\t<\/div>\n\t\t<div class=\"elementor-element elementor-element-1ef6d5b0 e-flex e-con-boxed e-con e-parent\" data-id=\"1ef6d5b0\" data-element_type=\"container\" data-e-type=\"container\">\n\t\t\t\t\t<div class=\"e-con-inner\">\n\t\t<div class=\"elementor-element elementor-element-78e95d1f e-con-full e-flex e-con e-child\" data-id=\"78e95d1f\" data-element_type=\"container\" data-e-type=\"container\">\n\t\t\t\t<div class=\"elementor-element elementor-element-1c865666 elementor-widget elementor-widget-image\" data-id=\"1c865666\" data-element_type=\"widget\" data-e-type=\"widget\" data-widget_type=\"image.default\">\n\t\t\t\t\t\t\t\t\t\t\t\t\t\t\t<img fetchpriority=\"high\" decoding=\"async\" width=\"378\" height=\"400\" src=\"https:\/\/denkarlojistik.com\/wp-content\/uploads\/2026\/04\/denkar-flag33.jpg\" class=\"attachment-large size-large wp-image-68\" alt=\"\" srcset=\"https:\/\/denkarlojistik.com\/wp-content\/uploads\/2026\/04\/denkar-flag33.jpg 378w, https:\/\/denkarlojistik.com\/wp-content\/uploads\/2026\/04\/denkar-flag33-284x300.jpg 284w\" sizes=\"(max-width: 378px) 100vw, 378px\" \/>\t\t\t\t\t\t\t\t\t\t\t\t\t\t\t<\/div>\n\t\t\t\t<\/div>\n\t\t<div class=\"elementor-element elementor-element-3a328158 e-con-full e-flex e-con e-child\" data-id=\"3a328158\" data-element_type=\"container\" data-e-type=\"container\">\n\t\t\t\t<div class=\"elementor-element elementor-element-25fb7867 elementor-widget elementor-widget-text-editor\" data-id=\"25fb7867\" data-element_type=\"widget\" data-e-type=\"widget\" data-widget_type=\"text-editor.default\">\n\t\t\t\t\t\t\t\t\t<p>Denkar Olu\u015fum lojistik olarak kurulu\u015fumuzdan bu g\u00fcne dek ta\u015f\u0131ma sekt\u00f6r\u00fcnde aral\u0131ks\u0131z olarak hizmet vermekteyiz. Denkar Olu\u015fum lojistik firmam\u0131z\u0131n amac\u0131, \u00e7al\u0131\u015fm\u0131\u015f oldu\u011fumuz firmalar\u0131n \u015fehir i\u00e7i ve \u015fehirler aras\u0131 ta\u015f\u0131mac\u0131l\u0131kta iyi bir hizmet verebilmektir.<br \/>Denkar Olu\u015fum lojistik olarak, yurti\u00e7i lojistik sekt\u00f6r\u00fcnde \u00f6ne \u00e7\u0131kan g\u00fcvenilir ta\u015f\u0131mac\u0131l\u0131k hizmeti vermekteyiz. Ta\u015f\u0131ma Hizmetlerimiz komple ve parsiyel ta\u015f\u0131mac\u0131l\u0131k hizmetleri sunarken, \u00f6ncelikle m\u00fc\u015fteri taleplerini anlamak ve her sekt\u00f6re g\u00f6re alternatif \u00e7\u00f6z\u00fcm hizmetleri sa\u011flamaktay\u0131z.<br \/>Ta\u015f\u0131ma Hizmetlerimizde y\u00fcklerin ba\u015flang\u0131\u00e7 noktas\u0131ndan var\u0131\u015f noktas\u0131na kadar zaman\u0131nda ve g\u00fcvenli teslimat yapmaktay\u0131z. Uzman ekibimiz, kapsaml\u0131 ta\u015f\u0131ma s\u00fcre\u00e7lerini sorunsuz bir \u015fekilde neticelendirme ve verimliliklerini art\u0131rmak i\u00e7in \u00e7al\u0131\u015fmaktad\u0131r.<\/p>\t\t\t\t\t\t\t\t<\/div>\n\t\t\t\t<\/div>\n\t\t\t\t\t<\/div>\n\t\t\t\t<\/div>\n\t\t<div class=\"elementor-element elementor-element-6c4aa0b4 e-flex e-con-boxed e-con e-parent\" data-id=\"6c4aa0b4\" data-element_type=\"container\" data-e-type=\"container\" data-settings=\"{&quot;background_background&quot;:&quot;classic&quot;}\">\n\t\t\t\t\t<div class=\"e-con-inner\">\n\t\t<div class=\"elementor-element elementor-element-58380c17 e-con-full e-flex e-con e-child\" data-id=\"58380c17\" data-element_type=\"container\" data-e-type=\"container\">\n\t\t\t\t<div class=\"elementor-element elementor-element-2267ee97 elementor-widget elementor-widget-text-editor\" data-id=\"2267ee97\" data-element_type=\"widget\" data-e-type=\"widget\" data-widget_type=\"text-editor.default\">\n\t\t\t\t\t\t\t\t\t<p><a href=\"https:\/\/denkarlojistik.com\/?preview_id=14\"><img decoding=\"async\" class=\"alignnone size-medium wp-image-21\" src=\"https:\/\/denkarlojistik.com\/wp-content\/uploads\/2026\/04\/Denkar-LG-300x67.png\" alt=\"\" width=\"300\" height=\"67\" srcset=\"https:\/\/denkarlojistik.com\/wp-content\/uploads\/2026\/04\/Denkar-LG-300x67.png 300w, https:\/\/denkarlojistik.com\/wp-content\/uploads\/2026\/04\/Denkar-LG-768x171.png 768w, https:\/\/denkarlojistik.com\/wp-content\/uploads\/2026\/04\/Denkar-LG.png 773w\" sizes=\"(max-width: 300px) 100vw, 300px\" \/><\/a><\/p><p><img decoding=\"async\" class=\"alignnone size-full wp-image-100\" src=\"https:\/\/denkarlojistik.com\/wp-content\/uploads\/2026\/04\/konum36.png\" alt=\"\" width=\"12\" height=\"16\" \/> Adnan Kahveci Caddesi No:5 Adnan Menderes Mah. Akdeniz \/ Mersin<\/p><p><img loading=\"lazy\" decoding=\"async\" class=\"alignnone size-full wp-image-101\" src=\"https:\/\/denkarlojistik.com\/wp-content\/uploads\/2026\/04\/email1.png\" alt=\"\" width=\"18\" height=\"11\" \/>\u00a0info@denkarlojistik.com<\/p>\t\t\t\t\t\t\t\t<\/div>\n\t\t\t\t<\/div>\n\t\t<div class=\"elementor-element elementor-element-72234913 e-con-full e-flex e-con e-child\" data-id=\"72234913\" data-element_type=\"container\" data-e-type=\"container\">\n\t\t\t\t<div class=\"elementor-element elementor-element-61174dc7 elementor-widget elementor-widget-text-editor\" data-id=\"61174dc7\" data-element_type=\"widget\" data-e-type=\"widget\" data-widget_type=\"text-editor.default\">\n\t\t\t\t\t\t\t\t\t<p><a href=\"https:\/\/denkarlojistik.com\/\">Anasyfa<\/a><\/p><p><a href=\"https:\/\/denkarlojistik.com\/index.php\/hakkimizda\/?preview_id=26\">Hakk\u0131m\u0131zda<\/a><\/p><p><a href=\"https:\/\/denkarlojistik.com\/index.php\/hizmetlerimiz\/?preview_id=30\">Hizmetlerimiz<\/a><\/p><p>Referanslar<\/p><p><a href=\"https:\/\/denkarlojistik.com\/index.php\/iletisim\/?preview_id=145\">\u0130leti\u015fim<\/a><\/p>\t\t\t\t\t\t\t\t<\/div>\n\t\t\t\t<\/div>\n\t\t<div class=\"elementor-element elementor-element-6fd72233 e-con-full e-flex e-con e-child\" data-id=\"6fd72233\" data-element_type=\"container\" data-e-type=\"container\">\n\t\t\t\t<div class=\"elementor-element elementor-element-784dad2 elementor-widget elementor-widget-text-editor\" data-id=\"784dad2\" data-element_type=\"widget\" data-e-type=\"widget\" data-widget_type=\"text-editor.default\">\n\t\t\t\t\t\t\t\t\t<p><img loading=\"lazy\" decoding=\"async\" class=\"alignnone size-medium wp-image-111\" src=\"https:\/\/denkarlojistik.com\/wp-content\/uploads\/2026\/04\/fcb33.png\" alt=\"\" width=\"35\" height=\"30\" \/>\u00a0 \u00a0 \u00a0 \u00a0<img loading=\"lazy\" decoding=\"async\" class=\"alignnone size-medium wp-image-112\" src=\"https:\/\/denkarlojistik.com\/wp-content\/uploads\/2026\/04\/inst33.png\" alt=\"\" width=\"35\" height=\"30\" \/>\u00a0 \u00a0 \u00a0 \u00a0 <img loading=\"lazy\" decoding=\"async\" class=\"alignnone size-medium wp-image-113\" src=\"https:\/\/denkarlojistik.com\/wp-content\/uploads\/2026\/04\/xx33.png\" alt=\"\" width=\"35\" height=\"30\" \/>\u00a0 \u00a0 \u00a0 \u00a0<a href=\"https:\/\/api.whatsapp.com\/send?phone=905442676735\"><img loading=\"lazy\" decoding=\"async\" class=\"alignnone size-full wp-image-402\" src=\"https:\/\/denkarlojistik.com\/wp-content\/uploads\/2026\/04\/wtsp33.png\" alt=\"\" width=\"35\" height=\"30\" \/><\/a><\/p>\t\t\t\t\t\t\t\t<\/div>\n\t\t\t\t<\/div>\n\t\t\t\t\t<\/div>\n\t\t\t\t<\/div>\n\t\t\t\t<\/div>\n\t\t","protected":false},"excerpt":{"rendered":"<p>Hakk\u0131m\u0131zda Denkar Olu\u015fum lojistik olarak kurulu\u015fumuzdan bu g\u00fcne dek ta\u015f\u0131ma sekt\u00f6r\u00fcnde aral\u0131ks\u0131z olarak hizmet vermekteyiz. Denkar Olu\u015fum lojistik firmam\u0131z\u0131n amac\u0131, \u00e7al\u0131\u015fm\u0131\u015f oldu\u011fumuz firmalar\u0131n \u015fehir i\u00e7i ve \u015fehirler aras\u0131 ta\u015f\u0131mac\u0131l\u0131kta iyi bir hizmet verebilmektir.Denkar Olu\u015fum lojistik olarak, yurti\u00e7i lojistik sekt\u00f6r\u00fcnde \u00f6ne \u00e7\u0131kan g\u00fcvenilir ta\u015f\u0131mac\u0131l\u0131k hizmeti vermekteyiz. Ta\u015f\u0131ma Hizmetlerimiz komple ve parsiyel ta\u015f\u0131mac\u0131l\u0131k hizmetleri sunarken, \u00f6ncelikle m\u00fc\u015fteri [&hellip;]<\/p>\n","protected":false},"author":1,"featured_media":0,"parent":0,"menu_order":0,"comment_status":"closed","ping_status":"closed","template":"elementor_header_footer","meta":{"footnotes":""},"class_list":["post-26","page","type-page","status-publish","hentry"],"_links":{"self":[{"href":"https:\/\/denkarlojistik.com\/index.php\/wp-json\/wp\/v2\/pages\/26","targetHints":{"allow":["GET"]}}],"collection":[{"href":"https:\/\/denkarlojistik.com\/index.php\/wp-json\/wp\/v2\/pages"}],"about":[{"href":"https:\/\/denkarlojistik.com\/index.php\/wp-json\/wp\/v2\/types\/page"}],"author":[{"embeddable":true,"href":"https:\/\/denkarlojistik.com\/index.php\/wp-json\/wp\/v2\/users\/1"}],"replies":[{"embeddable":true,"href":"https:\/\/denkarlojistik.com\/index.php\/wp-json\/wp\/v2\/comments?post=26"}],"version-history":[{"count":19,"href":"https:\/\/denkarlojistik.com\/index.php\/wp-json\/wp\/v2\/pages\/26\/revisions"}],"predecessor-version":[{"id":423,"href":"https:\/\/denkarlojistik.com\/index.php\/wp-json\/wp\/v2\/pages\/26\/revisions\/423"}],"wp:attachment":[{"href":"https:\/\/denkarlojistik.com\/index.php\/wp-json\/wp\/v2\/media?parent=26"}],"curies":[{"name":"wp","href":"https:\/\/api.w.org\/{rel}","templated":true}]}}